{"id":196,"date":"2022-08-02T15:08:35","date_gmt":"2022-08-02T15:08:35","guid":{"rendered":"https:\/\/audesur.ec\/tienda\/?post_type=product&#038;p=196"},"modified":"2023-01-10T17:54:18","modified_gmt":"2023-01-10T17:54:18","slug":"cubre-lluvias","status":"publish","type":"product","link":"https:\/\/audesur.ec\/tienda\/producto\/cubre-lluvias\/","title":{"rendered":"CUBRE LLUVIAS"},"content":{"rendered":"","protected":false},"excerpt":{"rendered":"<p>Favorece una conduccio\u0301n co\u0301moda cuando las ventanas esta\u0301n abajo evitando corrientes de aire. No entorpece la visibilidad del retrovisor. Resistente a las condiciones climatolo\u0301gicas adversas.<\/p>\n<p>Al conducir bajo la lluvia<\/p>\n<ul>\n<li>Evita que entre el agua de lluvia.<\/li>\n<li>Mejor y m\u00e1s clara visi\u00f3n mientras conduce, lo que permite un flujo de aire suave para evitar la niebla y la niebla en el parabrisas.<\/li>\n<li>Conducci\u00f3n c\u00f3moda al conducir sin aire acondicionado.<\/li>\n<\/ul>\n<p>Al conducir al sol<\/p>\n<ul>\n<li>Elimina los da\u00f1inos rayos ultravioleta (UV).<\/li>\n<li>Reduce los accidentes causados por los rayos del sol cegadores.<\/li>\n<li>M\u00e1s protecci\u00f3n y pasajeros c\u00f3modos.<\/li>\n<\/ul>\n","protected":false},"featured_media":197,"template":"","meta":{"_monsterinsights_skip_tracking":false,"_monsterinsights_sitenote_active":false,"_monsterinsights_sitenote_note":"","_monsterinsights_sitenote_category":0},"product_cat":[36,23,20,21,18,22],"product_tag":[],"class_list":["post-196","product","type-product","status-publish","has-post-thumbnail","hentry","product_cat-alln","product_cat-frontier","product_cat-kicks","product_cat-qashqai","product_cat-versa","product_cat-xtrail"],"aioseo_notices":[],"yoast_head":"<!-- This site is optimized with the Yoast SEO plugin v20.1 - https:\/\/yoast.com\/wordpress\/plugins\/seo\/ -->\n<title>CUBRE LLUVIAS - Accesorios Nissan &amp; Renault, Quito<\/title>\n<meta name=\"robots\" content=\"index, follow, max-snippet:-1, max-image-preview:large, max-video-preview:-1\" \/>\n<link rel=\"canonical\" href=\"https:\/\/audesur.ec\/tienda\/producto\/cubre-lluvias\/\" \/>\n<meta property=\"og:locale\" content=\"es_ES\" \/>\n<meta property=\"og:type\" content=\"article\" \/>\n<meta property=\"og:title\" content=\"CUBRE LLUVIAS - Accesorios Nissan &amp; Renault, Quito\" \/>\n<meta property=\"og:description\" content=\"Favorece una conduccio\u0301n co\u0301moda cuando las ventanas esta\u0301n abajo evitando corrientes de aire. No entorpece la visibilidad del retrovisor. Resistente a las condiciones climatolo\u0301gicas adversas.  Al conducir bajo la lluvia   Evita que entre el agua de lluvia.  Mejor y m\u00e1s clara visi\u00f3n mientras conduce, lo que permite un flujo de aire suave para evitar la niebla y la niebla en el parabrisas.  Conducci\u00f3n c\u00f3moda al conducir sin aire acondicionado.  Al conducir al sol   Elimina los da\u00f1inos rayos ultravioleta (UV).  Reduce los accidentes causados por los rayos del sol cegadores.  M\u00e1s protecci\u00f3n y pasajeros c\u00f3modos.\" \/>\n<meta property=\"og:url\" content=\"https:\/\/audesur.ec\/tienda\/producto\/cubre-lluvias\/\" \/>\n<meta property=\"og:site_name\" content=\"Accesorios Nissan &amp; Renault, Quito\" \/>\n<meta property=\"article:modified_time\" content=\"2023-01-10T17:54:18+00:00\" \/>\n<meta property=\"og:image\" content=\"https:\/\/audesur.ec\/tienda\/wp-content\/uploads\/2022\/08\/CATALOGO-ACC-NISSAN-ABRIL22_page60_image229.png\" \/>\n\t<meta property=\"og:image:width\" content=\"249\" \/>\n\t<meta property=\"og:image:height\" content=\"249\" \/>\n\t<meta property=\"og:image:type\" content=\"image\/png\" \/>\n<meta name=\"twitter:card\" content=\"summary_large_image\" \/>\n<script type=\"application\/ld+json\" class=\"yoast-schema-graph\">{\"@context\":\"https:\/\/schema.org\",\"@graph\":[{\"@type\":\"WebPage\",\"@id\":\"https:\/\/audesur.ec\/tienda\/producto\/cubre-lluvias\/\",\"url\":\"https:\/\/audesur.ec\/tienda\/producto\/cubre-lluvias\/\",\"name\":\"CUBRE LLUVIAS - Accesorios Nissan &amp; Renault, Quito\",\"isPartOf\":{\"@id\":\"https:\/\/audesur.ec\/tienda\/#website\"},\"datePublished\":\"2022-08-02T15:08:35+00:00\",\"dateModified\":\"2023-01-10T17:54:18+00:00\",\"breadcrumb\":{\"@id\":\"https:\/\/audesur.ec\/tienda\/producto\/cubre-lluvias\/#breadcrumb\"},\"inLanguage\":\"es\",\"potentialAction\":[{\"@type\":\"ReadAction\",\"target\":[\"https:\/\/audesur.ec\/tienda\/producto\/cubre-lluvias\/\"]}]},{\"@type\":\"BreadcrumbList\",\"@id\":\"https:\/\/audesur.ec\/tienda\/producto\/cubre-lluvias\/#breadcrumb\",\"itemListElement\":[{\"@type\":\"ListItem\",\"position\":1,\"name\":\"Portada\",\"item\":\"https:\/\/audesur.ec\/tienda\/\"},{\"@type\":\"ListItem\",\"position\":2,\"name\":\"Tienda\",\"item\":\"https:\/\/audesur.ec\/tienda\/tienda\/\"},{\"@type\":\"ListItem\",\"position\":3,\"name\":\"CUBRE LLUVIAS\"}]},{\"@type\":\"WebSite\",\"@id\":\"https:\/\/audesur.ec\/tienda\/#website\",\"url\":\"https:\/\/audesur.ec\/tienda\/\",\"name\":\"Accesorios Nissan &amp; Renault, Quito\",\"description\":\"Venta de accesorios NISSAN y RENAULT\",\"publisher\":{\"@id\":\"https:\/\/audesur.ec\/tienda\/#organization\"},\"potentialAction\":[{\"@type\":\"SearchAction\",\"target\":{\"@type\":\"EntryPoint\",\"urlTemplate\":\"https:\/\/audesur.ec\/tienda\/?s={search_term_string}\"},\"query-input\":\"required name=search_term_string\"}],\"inLanguage\":\"es\"},{\"@type\":\"Organization\",\"@id\":\"https:\/\/audesur.ec\/tienda\/#organization\",\"name\":\"Accesorios Nissan &amp; Renault, Quito\",\"url\":\"https:\/\/audesur.ec\/tienda\/\",\"logo\":{\"@type\":\"ImageObject\",\"inLanguage\":\"es\",\"@id\":\"https:\/\/audesur.ec\/tienda\/#\/schema\/logo\/image\/\",\"url\":\"https:\/\/audesur.ec\/tienda\/wp-content\/uploads\/2023\/03\/cropped-audesur-logo-1-1.png\",\"contentUrl\":\"https:\/\/audesur.ec\/tienda\/wp-content\/uploads\/2023\/03\/cropped-audesur-logo-1-1.png\",\"width\":297,\"height\":70,\"caption\":\"Accesorios Nissan &amp; Renault, Quito\"},\"image\":{\"@id\":\"https:\/\/audesur.ec\/tienda\/#\/schema\/logo\/image\/\"}}]}<\/script>\n<!-- \/ Yoast SEO plugin. -->","yoast_head_json":{"title":"CUBRE LLUVIAS - Accesorios Nissan &amp; Renault, Quito","robots":{"index":"index","follow":"follow","max-snippet":"max-snippet:-1","max-image-preview":"max-image-preview:large","max-video-preview":"max-video-preview:-1"},"canonical":"https:\/\/audesur.ec\/tienda\/producto\/cubre-lluvias\/","og_locale":"es_ES","og_type":"article","og_title":"CUBRE LLUVIAS - Accesorios Nissan &amp; Renault, Quito","og_description":"Favorece una conduccio\u0301n co\u0301moda cuando las ventanas esta\u0301n abajo evitando corrientes de aire. No entorpece la visibilidad del retrovisor. Resistente a las condiciones climatolo\u0301gicas adversas.  Al conducir bajo la lluvia   Evita que entre el agua de lluvia.  Mejor y m\u00e1s clara visi\u00f3n mientras conduce, lo que permite un flujo de aire suave para evitar la niebla y la niebla en el parabrisas.  Conducci\u00f3n c\u00f3moda al conducir sin aire acondicionado.  Al conducir al sol   Elimina los da\u00f1inos rayos ultravioleta (UV).  Reduce los accidentes causados por los rayos del sol cegadores.  M\u00e1s protecci\u00f3n y pasajeros c\u00f3modos.","og_url":"https:\/\/audesur.ec\/tienda\/producto\/cubre-lluvias\/","og_site_name":"Accesorios Nissan &amp; Renault, Quito","article_modified_time":"2023-01-10T17:54:18+00:00","og_image":[{"width":249,"height":249,"url":"https:\/\/audesur.ec\/tienda\/wp-content\/uploads\/2022\/08\/CATALOGO-ACC-NISSAN-ABRIL22_page60_image229.png","type":"image\/png"}],"twitter_card":"summary_large_image","schema":{"@context":"https:\/\/schema.org","@graph":[{"@type":"WebPage","@id":"https:\/\/audesur.ec\/tienda\/producto\/cubre-lluvias\/","url":"https:\/\/audesur.ec\/tienda\/producto\/cubre-lluvias\/","name":"CUBRE LLUVIAS - Accesorios Nissan &amp; Renault, Quito","isPartOf":{"@id":"https:\/\/audesur.ec\/tienda\/#website"},"datePublished":"2022-08-02T15:08:35+00:00","dateModified":"2023-01-10T17:54:18+00:00","breadcrumb":{"@id":"https:\/\/audesur.ec\/tienda\/producto\/cubre-lluvias\/#breadcrumb"},"inLanguage":"es","potentialAction":[{"@type":"ReadAction","target":["https:\/\/audesur.ec\/tienda\/producto\/cubre-lluvias\/"]}]},{"@type":"BreadcrumbList","@id":"https:\/\/audesur.ec\/tienda\/producto\/cubre-lluvias\/#breadcrumb","itemListElement":[{"@type":"ListItem","position":1,"name":"Portada","item":"https:\/\/audesur.ec\/tienda\/"},{"@type":"ListItem","position":2,"name":"Tienda","item":"https:\/\/audesur.ec\/tienda\/tienda\/"},{"@type":"ListItem","position":3,"name":"CUBRE LLUVIAS"}]},{"@type":"WebSite","@id":"https:\/\/audesur.ec\/tienda\/#website","url":"https:\/\/audesur.ec\/tienda\/","name":"Accesorios Nissan &amp; Renault, Quito","description":"Venta de accesorios NISSAN y RENAULT","publisher":{"@id":"https:\/\/audesur.ec\/tienda\/#organization"},"potentialAction":[{"@type":"SearchAction","target":{"@type":"EntryPoint","urlTemplate":"https:\/\/audesur.ec\/tienda\/?s={search_term_string}"},"query-input":"required name=search_term_string"}],"inLanguage":"es"},{"@type":"Organization","@id":"https:\/\/audesur.ec\/tienda\/#organization","name":"Accesorios Nissan &amp; Renault, Quito","url":"https:\/\/audesur.ec\/tienda\/","logo":{"@type":"ImageObject","inLanguage":"es","@id":"https:\/\/audesur.ec\/tienda\/#\/schema\/logo\/image\/","url":"https:\/\/audesur.ec\/tienda\/wp-content\/uploads\/2023\/03\/cropped-audesur-logo-1-1.png","contentUrl":"https:\/\/audesur.ec\/tienda\/wp-content\/uploads\/2023\/03\/cropped-audesur-logo-1-1.png","width":297,"height":70,"caption":"Accesorios Nissan &amp; Renault, Quito"},"image":{"@id":"https:\/\/audesur.ec\/tienda\/#\/schema\/logo\/image\/"}}]}},"_links":{"self":[{"href":"https:\/\/audesur.ec\/tienda\/wp-json\/wp\/v2\/product\/196","targetHints":{"allow":["GET"]}}],"collection":[{"href":"https:\/\/audesur.ec\/tienda\/wp-json\/wp\/v2\/product"}],"about":[{"href":"https:\/\/audesur.ec\/tienda\/wp-json\/wp\/v2\/types\/product"}],"wp:featuredmedia":[{"embeddable":true,"href":"https:\/\/audesur.ec\/tienda\/wp-json\/wp\/v2\/media\/197"}],"wp:attachment":[{"href":"https:\/\/audesur.ec\/tienda\/wp-json\/wp\/v2\/media?parent=196"}],"wp:term":[{"taxonomy":"product_cat","embeddable":true,"href":"https:\/\/audesur.ec\/tienda\/wp-json\/wp\/v2\/product_cat?post=196"},{"taxonomy":"product_tag","embeddable":true,"href":"https:\/\/audesur.ec\/tienda\/wp-json\/wp\/v2\/product_tag?post=196"}],"curies":[{"name":"wp","href":"https:\/\/api.w.org\/{rel}","templated":true}]}}