{"id":1290,"date":"2024-05-09T16:17:31","date_gmt":"2024-05-09T16:17:31","guid":{"rendered":"https:\/\/audesur.ec\/tienda\/?post_type=product&#038;p=1290"},"modified":"2025-11-17T16:05:10","modified_gmt":"2025-11-17T16:05:10","slug":"alarma-con-bluetooh","status":"publish","type":"product","link":"https:\/\/audesur.ec\/tienda\/producto\/alarma-con-bluetooh\/","title":{"rendered":"ALARMA ORIGINAL CON BLUETOOH"},"content":{"rendered":"","protected":false},"excerpt":{"rendered":"<p>\u258c Invulnerable a ataques electr\u00f3nicos.<br \/>\n\u258c Plug and Play.<br \/>\n\u258c El usuario elige el nivel de sensibilidad (5 niveles).<br \/>\n\u258c La alarma sonora configurable al control original del veh\u00edculo.<br \/>\n\u258c Accesorio de protecci\u00f3n para el veh\u00edculo.<\/p>\n<p>Instalaci\u00f3n y configuraci\u00f3n de la Alarma<\/p>\n<table border=\"5\" cellspacing=\"10\" cellpadding=\"10\">\n<tbody>\n<tr>\n<td><a href=\"https:\/\/play.google.com\/store\/apps\/details?id=com.aod.kt.myron&amp;pcampaignid=web_share\">Android<\/a><\/td>\n<td><a href=\"https:\/\/apps.apple.com\/au\/app\/myron\/id1491577591?l=es\">Iphone<\/a><\/td>\n<\/tr>\n<\/tbody>\n<\/table>\n[video width=\"478\" height=\"850\" mp4=\"https:\/\/audesur.ec\/tienda\/wp-content\/uploads\/2024\/05\/DESCARGAR-APLICACION-BLUETOOTH.mp4\"][\/video]\n<p>Apertura de puertas con aproximaci\u00f3n<\/p>\n[video width=\"478\" height=\"850\" mp4=\"https:\/\/audesur.ec\/tienda\/wp-content\/uploads\/2024\/05\/APERTURA-CON-BLUETOOTH.mp4\"][\/video]\n<p>Cierre de puertas autom\u00e1tico<\/p>\n[video width=\"478\" height=\"850\" mp4=\"https:\/\/audesur.ec\/tienda\/wp-content\/uploads\/2024\/05\/AUTOACTIVACION.mp4\"][\/video]\n<p>Alerta de puerta abierta<\/p>\n[video width=\"478\" height=\"850\" mp4=\"https:\/\/audesur.ec\/tienda\/wp-content\/uploads\/2024\/05\/AVISO-PUERTAS-ABIERTAS.mp4\"][\/video]\n<p>Cambio de sensibilidad de alarma<\/p>\n[video width=\"478\" height=\"850\" mp4=\"https:\/\/audesur.ec\/tienda\/wp-content\/uploads\/2024\/05\/SENSIBILIDAD.mp4\"][\/video]\n<p>Desactivar Alarma<\/p>\n[video width=\"478\" height=\"850\" mp4=\"https:\/\/audesur.ec\/tienda\/wp-content\/uploads\/2024\/05\/MODO-VALET.mp4\"][\/video]\n<p>\u258c RENAU7711638435<br \/>\n\u258c M\/O: NIMEXINSTALARMAR<\/p>\n","protected":false},"featured_media":644,"template":"","meta":{"_monsterinsights_skip_tracking":false,"_monsterinsights_sitenote_active":false,"_monsterinsights_sitenote_note":"","_monsterinsights_sitenote_category":0},"product_cat":[35,31,30,26,27,28,29],"product_tag":[],"class_list":["post-1290","product","type-product","status-publish","has-post-thumbnail","hentry","product_cat-allr","product_cat-captur","product_cat-duster","product_cat-kwid","product_cat-logan","product_cat-sandero","product_cat-stepway"],"aioseo_notices":[],"yoast_head":"<!-- This site is optimized with the Yoast SEO plugin v20.1 - https:\/\/yoast.com\/wordpress\/plugins\/seo\/ -->\n<title>ALARMA ORIGINAL CON BLUETOOH - Accesorios Nissan &amp; Renault, Quito<\/title>\n<meta name=\"robots\" content=\"index, follow, max-snippet:-1, max-image-preview:large, max-video-preview:-1\" \/>\n<link rel=\"canonical\" href=\"https:\/\/audesur.ec\/tienda\/producto\/alarma-con-bluetooh\/\" \/>\n<meta property=\"og:locale\" content=\"es_ES\" \/>\n<meta property=\"og:type\" content=\"article\" \/>\n<meta property=\"og:title\" content=\"ALARMA ORIGINAL CON BLUETOOH - Accesorios Nissan &amp; Renault, Quito\" \/>\n<meta property=\"og:description\" content=\"\u258c Invulnerable a ataques electr\u00f3nicos. \u258c Plug and Play. \u258c El usuario elige el nivel de sensibilidad (5 niveles). \u258c La alarma sonora configurable al control original del veh\u00edculo. \u258c Accesorio de protecci\u00f3n para el veh\u00edculo.  Instalaci\u00f3n y configuraci\u00f3n de la Alarma    Android Iphone      Apertura de puertas con aproximaci\u00f3n    Cierre de puertas autom\u00e1tico    Alerta de puerta abierta    Cambio de sensibilidad de alarma    Desactivar Alarma    \u258c RENAU7711638435 \u258c M\/O: NIMEXINSTALARMAR\" \/>\n<meta property=\"og:url\" content=\"https:\/\/audesur.ec\/tienda\/producto\/alarma-con-bluetooh\/\" \/>\n<meta property=\"og:site_name\" content=\"Accesorios Nissan &amp; Renault, Quito\" \/>\n<meta property=\"article:modified_time\" content=\"2025-11-17T16:05:10+00:00\" \/>\n<meta property=\"og:image\" content=\"https:\/\/audesur.ec\/tienda\/wp-content\/uploads\/2022\/08\/IMG_20220817_080742-scaled.jpg\" \/>\n\t<meta property=\"og:image:width\" content=\"2560\" \/>\n\t<meta property=\"og:image:height\" content=\"1920\" \/>\n\t<meta property=\"og:image:type\" content=\"image\/jpeg\" \/>\n<meta name=\"twitter:card\" content=\"summary_large_image\" \/>\n<script type=\"application\/ld+json\" class=\"yoast-schema-graph\">{\"@context\":\"https:\/\/schema.org\",\"@graph\":[{\"@type\":\"WebPage\",\"@id\":\"https:\/\/audesur.ec\/tienda\/producto\/alarma-con-bluetooh\/\",\"url\":\"https:\/\/audesur.ec\/tienda\/producto\/alarma-con-bluetooh\/\",\"name\":\"ALARMA ORIGINAL CON BLUETOOH - Accesorios Nissan &amp; Renault, Quito\",\"isPartOf\":{\"@id\":\"https:\/\/audesur.ec\/tienda\/#website\"},\"datePublished\":\"2024-05-09T16:17:31+00:00\",\"dateModified\":\"2025-11-17T16:05:10+00:00\",\"breadcrumb\":{\"@id\":\"https:\/\/audesur.ec\/tienda\/producto\/alarma-con-bluetooh\/#breadcrumb\"},\"inLanguage\":\"es\",\"potentialAction\":[{\"@type\":\"ReadAction\",\"target\":[\"https:\/\/audesur.ec\/tienda\/producto\/alarma-con-bluetooh\/\"]}]},{\"@type\":\"BreadcrumbList\",\"@id\":\"https:\/\/audesur.ec\/tienda\/producto\/alarma-con-bluetooh\/#breadcrumb\",\"itemListElement\":[{\"@type\":\"ListItem\",\"position\":1,\"name\":\"Portada\",\"item\":\"https:\/\/audesur.ec\/tienda\/\"},{\"@type\":\"ListItem\",\"position\":2,\"name\":\"Tienda\",\"item\":\"https:\/\/audesur.ec\/tienda\/tienda\/\"},{\"@type\":\"ListItem\",\"position\":3,\"name\":\"ALARMA ORIGINAL CON BLUETOOH\"}]},{\"@type\":\"WebSite\",\"@id\":\"https:\/\/audesur.ec\/tienda\/#website\",\"url\":\"https:\/\/audesur.ec\/tienda\/\",\"name\":\"Accesorios Nissan &amp; Renault, Quito\",\"description\":\"Venta de accesorios NISSAN y RENAULT\",\"publisher\":{\"@id\":\"https:\/\/audesur.ec\/tienda\/#organization\"},\"potentialAction\":[{\"@type\":\"SearchAction\",\"target\":{\"@type\":\"EntryPoint\",\"urlTemplate\":\"https:\/\/audesur.ec\/tienda\/?s={search_term_string}\"},\"query-input\":\"required name=search_term_string\"}],\"inLanguage\":\"es\"},{\"@type\":\"Organization\",\"@id\":\"https:\/\/audesur.ec\/tienda\/#organization\",\"name\":\"Accesorios Nissan &amp; Renault, Quito\",\"url\":\"https:\/\/audesur.ec\/tienda\/\",\"logo\":{\"@type\":\"ImageObject\",\"inLanguage\":\"es\",\"@id\":\"https:\/\/audesur.ec\/tienda\/#\/schema\/logo\/image\/\",\"url\":\"https:\/\/audesur.ec\/tienda\/wp-content\/uploads\/2023\/03\/cropped-audesur-logo-1-1.png\",\"contentUrl\":\"https:\/\/audesur.ec\/tienda\/wp-content\/uploads\/2023\/03\/cropped-audesur-logo-1-1.png\",\"width\":297,\"height\":70,\"caption\":\"Accesorios Nissan &amp; Renault, Quito\"},\"image\":{\"@id\":\"https:\/\/audesur.ec\/tienda\/#\/schema\/logo\/image\/\"}}]}<\/script>\n<!-- \/ Yoast SEO plugin. -->","yoast_head_json":{"title":"ALARMA ORIGINAL CON BLUETOOH - Accesorios Nissan &amp; Renault, Quito","robots":{"index":"index","follow":"follow","max-snippet":"max-snippet:-1","max-image-preview":"max-image-preview:large","max-video-preview":"max-video-preview:-1"},"canonical":"https:\/\/audesur.ec\/tienda\/producto\/alarma-con-bluetooh\/","og_locale":"es_ES","og_type":"article","og_title":"ALARMA ORIGINAL CON BLUETOOH - Accesorios Nissan &amp; Renault, Quito","og_description":"\u258c Invulnerable a ataques electr\u00f3nicos. \u258c Plug and Play. \u258c El usuario elige el nivel de sensibilidad (5 niveles). \u258c La alarma sonora configurable al control original del veh\u00edculo. \u258c Accesorio de protecci\u00f3n para el veh\u00edculo.  Instalaci\u00f3n y configuraci\u00f3n de la Alarma    Android Iphone      Apertura de puertas con aproximaci\u00f3n    Cierre de puertas autom\u00e1tico    Alerta de puerta abierta    Cambio de sensibilidad de alarma    Desactivar Alarma    \u258c RENAU7711638435 \u258c M\/O: NIMEXINSTALARMAR","og_url":"https:\/\/audesur.ec\/tienda\/producto\/alarma-con-bluetooh\/","og_site_name":"Accesorios Nissan &amp; Renault, Quito","article_modified_time":"2025-11-17T16:05:10+00:00","og_image":[{"width":2560,"height":1920,"url":"https:\/\/audesur.ec\/tienda\/wp-content\/uploads\/2022\/08\/IMG_20220817_080742-scaled.jpg","type":"image\/jpeg"}],"twitter_card":"summary_large_image","schema":{"@context":"https:\/\/schema.org","@graph":[{"@type":"WebPage","@id":"https:\/\/audesur.ec\/tienda\/producto\/alarma-con-bluetooh\/","url":"https:\/\/audesur.ec\/tienda\/producto\/alarma-con-bluetooh\/","name":"ALARMA ORIGINAL CON BLUETOOH - Accesorios Nissan &amp; Renault, Quito","isPartOf":{"@id":"https:\/\/audesur.ec\/tienda\/#website"},"datePublished":"2024-05-09T16:17:31+00:00","dateModified":"2025-11-17T16:05:10+00:00","breadcrumb":{"@id":"https:\/\/audesur.ec\/tienda\/producto\/alarma-con-bluetooh\/#breadcrumb"},"inLanguage":"es","potentialAction":[{"@type":"ReadAction","target":["https:\/\/audesur.ec\/tienda\/producto\/alarma-con-bluetooh\/"]}]},{"@type":"BreadcrumbList","@id":"https:\/\/audesur.ec\/tienda\/producto\/alarma-con-bluetooh\/#breadcrumb","itemListElement":[{"@type":"ListItem","position":1,"name":"Portada","item":"https:\/\/audesur.ec\/tienda\/"},{"@type":"ListItem","position":2,"name":"Tienda","item":"https:\/\/audesur.ec\/tienda\/tienda\/"},{"@type":"ListItem","position":3,"name":"ALARMA ORIGINAL CON BLUETOOH"}]},{"@type":"WebSite","@id":"https:\/\/audesur.ec\/tienda\/#website","url":"https:\/\/audesur.ec\/tienda\/","name":"Accesorios Nissan &amp; Renault, Quito","description":"Venta de accesorios NISSAN y RENAULT","publisher":{"@id":"https:\/\/audesur.ec\/tienda\/#organization"},"potentialAction":[{"@type":"SearchAction","target":{"@type":"EntryPoint","urlTemplate":"https:\/\/audesur.ec\/tienda\/?s={search_term_string}"},"query-input":"required name=search_term_string"}],"inLanguage":"es"},{"@type":"Organization","@id":"https:\/\/audesur.ec\/tienda\/#organization","name":"Accesorios Nissan &amp; Renault, Quito","url":"https:\/\/audesur.ec\/tienda\/","logo":{"@type":"ImageObject","inLanguage":"es","@id":"https:\/\/audesur.ec\/tienda\/#\/schema\/logo\/image\/","url":"https:\/\/audesur.ec\/tienda\/wp-content\/uploads\/2023\/03\/cropped-audesur-logo-1-1.png","contentUrl":"https:\/\/audesur.ec\/tienda\/wp-content\/uploads\/2023\/03\/cropped-audesur-logo-1-1.png","width":297,"height":70,"caption":"Accesorios Nissan &amp; Renault, Quito"},"image":{"@id":"https:\/\/audesur.ec\/tienda\/#\/schema\/logo\/image\/"}}]}},"_links":{"self":[{"href":"https:\/\/audesur.ec\/tienda\/wp-json\/wp\/v2\/product\/1290","targetHints":{"allow":["GET"]}}],"collection":[{"href":"https:\/\/audesur.ec\/tienda\/wp-json\/wp\/v2\/product"}],"about":[{"href":"https:\/\/audesur.ec\/tienda\/wp-json\/wp\/v2\/types\/product"}],"wp:featuredmedia":[{"embeddable":true,"href":"https:\/\/audesur.ec\/tienda\/wp-json\/wp\/v2\/media\/644"}],"wp:attachment":[{"href":"https:\/\/audesur.ec\/tienda\/wp-json\/wp\/v2\/media?parent=1290"}],"wp:term":[{"taxonomy":"product_cat","embeddable":true,"href":"https:\/\/audesur.ec\/tienda\/wp-json\/wp\/v2\/product_cat?post=1290"},{"taxonomy":"product_tag","embeddable":true,"href":"https:\/\/audesur.ec\/tienda\/wp-json\/wp\/v2\/product_tag?post=1290"}],"curies":[{"name":"wp","href":"https:\/\/api.w.org\/{rel}","templated":true}]}}