{"id":1058,"date":"2023-05-22T20:48:01","date_gmt":"2023-05-22T20:48:01","guid":{"rendered":"https:\/\/audesur.ec\/tienda\/?post_type=product&#038;p=1058"},"modified":"2024-10-14T15:12:36","modified_gmt":"2024-10-14T15:12:36","slug":"portabicicleta-thule","status":"publish","type":"product","link":"https:\/\/audesur.ec\/tienda\/producto\/portabicicleta-thule\/","title":{"rendered":"PORTABICICLETA THULE"},"content":{"rendered":"","protected":false},"excerpt":{"rendered":"<div class=\"thule-container header-text-button pt-5 bg-color--white\">\n<div class=\"row\">\n<div class=\"col-lg-8 col-xl-6 offset-lg-2 offset-xl-3\">\n<p>Esta categor\u00eda de portabicicletas es perfecta para los entusiastas del ciclismo que se dirigen a la carretera, senderos\u00a0MTB o caminos de grava, con una bicicleta para carretera o una bicicleta de monta\u00f1a de campo traviesa.<\/p>\n<p>Mientras estos estilos requieren que tengas portaequipajes de techo en tu autom\u00f3vil, los portabicicletas para techo con soporte para horquilla o verticales son una buena opci\u00f3n para sedanes y SUV m\u00e1s peque\u00f1os con una altura de carga m\u00e1s baja o para modelos de autom\u00f3vil que no tienen una barra de remolque instalada. Si eliges un portabicicletas para techo con soporte para horquilla o rueda, te asegurar\u00e1s de que el portabicicletas no tenga contacto en absoluto con tu valioso cuadro de fibra de carbono.<\/p>\n<p>Los portabicicletas para techo cuentan con un dise\u00f1o elegante y deportivo, y se adapta a casi todas las dimensiones de bicicletas. Pueden venir con soporte para horquilla, para rueda o para cuadro:<\/p>\n<\/div>\n<\/div>\n<div class=\"row pb-lg-3\"><span style=\"font-size: 2em;\">Portabicicletas de techo montados en horquillas<\/span><\/div>\n<\/div>\n<div class=\"thule-container header-text-button pt-5 bg-color--white\">\n<div class=\"row\">\n<div class=\"col-lg-8 col-xl-6 offset-lg-2 offset-xl-3\">\n<p>Una soluci\u00f3n de portabicicletas deportiva e ic\u00f3nica que se fija a la puntera o al eje pasante de la horquilla cuando desmontas la rueda delantera. Este m\u00e9todo de fijaci\u00f3n garantiza el transporte seguro y el contacto cero con el cuadro para cuadros de fibra de carbono.<\/p>\n<\/div>\n<\/div>\n<\/div>\n","protected":false},"featured_media":1060,"template":"","meta":{"_monsterinsights_skip_tracking":false,"_monsterinsights_sitenote_active":false,"_monsterinsights_sitenote_note":"","_monsterinsights_sitenote_category":0},"product_cat":[30,23,20,21,29,22,37],"product_tag":[],"class_list":["post-1058","product","type-product","status-publish","has-post-thumbnail","hentry","product_cat-duster","product_cat-frontier","product_cat-kicks","product_cat-qashqai","product_cat-stepway","product_cat-xtrail","product_cat-epower"],"aioseo_notices":[],"yoast_head":"<!-- This site is optimized with the Yoast SEO plugin v20.1 - https:\/\/yoast.com\/wordpress\/plugins\/seo\/ -->\n<title>PORTABICICLETA THULE - Accesorios Nissan &amp; Renault, Quito<\/title>\n<meta name=\"robots\" content=\"index, follow, max-snippet:-1, max-image-preview:large, max-video-preview:-1\" \/>\n<link rel=\"canonical\" href=\"https:\/\/audesur.ec\/tienda\/producto\/portabicicleta-thule\/\" \/>\n<meta property=\"og:locale\" content=\"es_ES\" \/>\n<meta property=\"og:type\" content=\"article\" \/>\n<meta property=\"og:title\" content=\"PORTABICICLETA THULE - Accesorios Nissan &amp; Renault, Quito\" \/>\n<meta property=\"og:description\" content=\"Esta categor\u00eda de portabicicletas es perfecta para los entusiastas del ciclismo que se dirigen a la carretera, senderos\u00a0MTB o caminos de grava, con una bicicleta para carretera o una bicicleta de monta\u00f1a de campo traviesa.  Mientras estos estilos requieren que tengas portaequipajes de techo en tu autom\u00f3vil, los portabicicletas para techo con soporte para horquilla o verticales son una buena opci\u00f3n para sedanes y SUV m\u00e1s peque\u00f1os con una altura de carga m\u00e1s baja o para modelos de autom\u00f3vil que no tienen una barra de remolque instalada. Si eliges un portabicicletas para techo con soporte para horquilla o rueda, te asegurar\u00e1s de que el portabicicletas no tenga contacto en absoluto con tu valioso cuadro de fibra de carbono.  Los portabicicletas para techo cuentan con un dise\u00f1o elegante y deportivo, y se adapta a casi todas las dimensiones de bicicletas. Pueden venir con soporte para horquilla, para rueda o para cuadro:    Portabicicletas de techo montados en horquillas      Una soluci\u00f3n de portabicicletas deportiva e ic\u00f3nica que se fija a la puntera o al eje pasante de la horquilla cuando desmontas la rueda delantera. Este m\u00e9todo de fijaci\u00f3n garantiza el transporte seguro y el contacto cero con el cuadro para cuadros de fibra de carbono.\" \/>\n<meta property=\"og:url\" content=\"https:\/\/audesur.ec\/tienda\/producto\/portabicicleta-thule\/\" \/>\n<meta property=\"og:site_name\" content=\"Accesorios Nissan &amp; Renault, Quito\" \/>\n<meta property=\"article:modified_time\" content=\"2024-10-14T15:12:36+00:00\" \/>\n<meta property=\"og:image\" content=\"https:\/\/audesur.ec\/tienda\/wp-content\/uploads\/2023\/05\/tell-004-cb-bike-rack-buyers-guide.jpg\" \/>\n\t<meta property=\"og:image:width\" content=\"400\" \/>\n\t<meta property=\"og:image:height\" content=\"320\" \/>\n\t<meta property=\"og:image:type\" content=\"image\/jpeg\" \/>\n<meta name=\"twitter:card\" content=\"summary_large_image\" \/>\n<script type=\"application\/ld+json\" class=\"yoast-schema-graph\">{\"@context\":\"https:\/\/schema.org\",\"@graph\":[{\"@type\":\"WebPage\",\"@id\":\"https:\/\/audesur.ec\/tienda\/producto\/portabicicleta-thule\/\",\"url\":\"https:\/\/audesur.ec\/tienda\/producto\/portabicicleta-thule\/\",\"name\":\"PORTABICICLETA THULE - Accesorios Nissan &amp; Renault, Quito\",\"isPartOf\":{\"@id\":\"https:\/\/audesur.ec\/tienda\/#website\"},\"datePublished\":\"2023-05-22T20:48:01+00:00\",\"dateModified\":\"2024-10-14T15:12:36+00:00\",\"breadcrumb\":{\"@id\":\"https:\/\/audesur.ec\/tienda\/producto\/portabicicleta-thule\/#breadcrumb\"},\"inLanguage\":\"es\",\"potentialAction\":[{\"@type\":\"ReadAction\",\"target\":[\"https:\/\/audesur.ec\/tienda\/producto\/portabicicleta-thule\/\"]}]},{\"@type\":\"BreadcrumbList\",\"@id\":\"https:\/\/audesur.ec\/tienda\/producto\/portabicicleta-thule\/#breadcrumb\",\"itemListElement\":[{\"@type\":\"ListItem\",\"position\":1,\"name\":\"Portada\",\"item\":\"https:\/\/audesur.ec\/tienda\/\"},{\"@type\":\"ListItem\",\"position\":2,\"name\":\"Tienda\",\"item\":\"https:\/\/audesur.ec\/tienda\/tienda\/\"},{\"@type\":\"ListItem\",\"position\":3,\"name\":\"PORTABICICLETA THULE\"}]},{\"@type\":\"WebSite\",\"@id\":\"https:\/\/audesur.ec\/tienda\/#website\",\"url\":\"https:\/\/audesur.ec\/tienda\/\",\"name\":\"Accesorios Nissan &amp; Renault, Quito\",\"description\":\"Venta de accesorios NISSAN y RENAULT\",\"publisher\":{\"@id\":\"https:\/\/audesur.ec\/tienda\/#organization\"},\"potentialAction\":[{\"@type\":\"SearchAction\",\"target\":{\"@type\":\"EntryPoint\",\"urlTemplate\":\"https:\/\/audesur.ec\/tienda\/?s={search_term_string}\"},\"query-input\":\"required name=search_term_string\"}],\"inLanguage\":\"es\"},{\"@type\":\"Organization\",\"@id\":\"https:\/\/audesur.ec\/tienda\/#organization\",\"name\":\"Accesorios Nissan &amp; Renault, Quito\",\"url\":\"https:\/\/audesur.ec\/tienda\/\",\"logo\":{\"@type\":\"ImageObject\",\"inLanguage\":\"es\",\"@id\":\"https:\/\/audesur.ec\/tienda\/#\/schema\/logo\/image\/\",\"url\":\"https:\/\/audesur.ec\/tienda\/wp-content\/uploads\/2023\/03\/cropped-audesur-logo-1-1.png\",\"contentUrl\":\"https:\/\/audesur.ec\/tienda\/wp-content\/uploads\/2023\/03\/cropped-audesur-logo-1-1.png\",\"width\":297,\"height\":70,\"caption\":\"Accesorios Nissan &amp; Renault, Quito\"},\"image\":{\"@id\":\"https:\/\/audesur.ec\/tienda\/#\/schema\/logo\/image\/\"}}]}<\/script>\n<!-- \/ Yoast SEO plugin. -->","yoast_head_json":{"title":"PORTABICICLETA THULE - Accesorios Nissan &amp; Renault, Quito","robots":{"index":"index","follow":"follow","max-snippet":"max-snippet:-1","max-image-preview":"max-image-preview:large","max-video-preview":"max-video-preview:-1"},"canonical":"https:\/\/audesur.ec\/tienda\/producto\/portabicicleta-thule\/","og_locale":"es_ES","og_type":"article","og_title":"PORTABICICLETA THULE - Accesorios Nissan &amp; Renault, Quito","og_description":"Esta categor\u00eda de portabicicletas es perfecta para los entusiastas del ciclismo que se dirigen a la carretera, senderos\u00a0MTB o caminos de grava, con una bicicleta para carretera o una bicicleta de monta\u00f1a de campo traviesa.  Mientras estos estilos requieren que tengas portaequipajes de techo en tu autom\u00f3vil, los portabicicletas para techo con soporte para horquilla o verticales son una buena opci\u00f3n para sedanes y SUV m\u00e1s peque\u00f1os con una altura de carga m\u00e1s baja o para modelos de autom\u00f3vil que no tienen una barra de remolque instalada. Si eliges un portabicicletas para techo con soporte para horquilla o rueda, te asegurar\u00e1s de que el portabicicletas no tenga contacto en absoluto con tu valioso cuadro de fibra de carbono.  Los portabicicletas para techo cuentan con un dise\u00f1o elegante y deportivo, y se adapta a casi todas las dimensiones de bicicletas. Pueden venir con soporte para horquilla, para rueda o para cuadro:    Portabicicletas de techo montados en horquillas      Una soluci\u00f3n de portabicicletas deportiva e ic\u00f3nica que se fija a la puntera o al eje pasante de la horquilla cuando desmontas la rueda delantera. Este m\u00e9todo de fijaci\u00f3n garantiza el transporte seguro y el contacto cero con el cuadro para cuadros de fibra de carbono.","og_url":"https:\/\/audesur.ec\/tienda\/producto\/portabicicleta-thule\/","og_site_name":"Accesorios Nissan &amp; Renault, Quito","article_modified_time":"2024-10-14T15:12:36+00:00","og_image":[{"width":400,"height":320,"url":"https:\/\/audesur.ec\/tienda\/wp-content\/uploads\/2023\/05\/tell-004-cb-bike-rack-buyers-guide.jpg","type":"image\/jpeg"}],"twitter_card":"summary_large_image","schema":{"@context":"https:\/\/schema.org","@graph":[{"@type":"WebPage","@id":"https:\/\/audesur.ec\/tienda\/producto\/portabicicleta-thule\/","url":"https:\/\/audesur.ec\/tienda\/producto\/portabicicleta-thule\/","name":"PORTABICICLETA THULE - Accesorios Nissan &amp; Renault, Quito","isPartOf":{"@id":"https:\/\/audesur.ec\/tienda\/#website"},"datePublished":"2023-05-22T20:48:01+00:00","dateModified":"2024-10-14T15:12:36+00:00","breadcrumb":{"@id":"https:\/\/audesur.ec\/tienda\/producto\/portabicicleta-thule\/#breadcrumb"},"inLanguage":"es","potentialAction":[{"@type":"ReadAction","target":["https:\/\/audesur.ec\/tienda\/producto\/portabicicleta-thule\/"]}]},{"@type":"BreadcrumbList","@id":"https:\/\/audesur.ec\/tienda\/producto\/portabicicleta-thule\/#breadcrumb","itemListElement":[{"@type":"ListItem","position":1,"name":"Portada","item":"https:\/\/audesur.ec\/tienda\/"},{"@type":"ListItem","position":2,"name":"Tienda","item":"https:\/\/audesur.ec\/tienda\/tienda\/"},{"@type":"ListItem","position":3,"name":"PORTABICICLETA THULE"}]},{"@type":"WebSite","@id":"https:\/\/audesur.ec\/tienda\/#website","url":"https:\/\/audesur.ec\/tienda\/","name":"Accesorios Nissan &amp; Renault, Quito","description":"Venta de accesorios NISSAN y RENAULT","publisher":{"@id":"https:\/\/audesur.ec\/tienda\/#organization"},"potentialAction":[{"@type":"SearchAction","target":{"@type":"EntryPoint","urlTemplate":"https:\/\/audesur.ec\/tienda\/?s={search_term_string}"},"query-input":"required name=search_term_string"}],"inLanguage":"es"},{"@type":"Organization","@id":"https:\/\/audesur.ec\/tienda\/#organization","name":"Accesorios Nissan &amp; Renault, Quito","url":"https:\/\/audesur.ec\/tienda\/","logo":{"@type":"ImageObject","inLanguage":"es","@id":"https:\/\/audesur.ec\/tienda\/#\/schema\/logo\/image\/","url":"https:\/\/audesur.ec\/tienda\/wp-content\/uploads\/2023\/03\/cropped-audesur-logo-1-1.png","contentUrl":"https:\/\/audesur.ec\/tienda\/wp-content\/uploads\/2023\/03\/cropped-audesur-logo-1-1.png","width":297,"height":70,"caption":"Accesorios Nissan &amp; Renault, Quito"},"image":{"@id":"https:\/\/audesur.ec\/tienda\/#\/schema\/logo\/image\/"}}]}},"_links":{"self":[{"href":"https:\/\/audesur.ec\/tienda\/wp-json\/wp\/v2\/product\/1058","targetHints":{"allow":["GET"]}}],"collection":[{"href":"https:\/\/audesur.ec\/tienda\/wp-json\/wp\/v2\/product"}],"about":[{"href":"https:\/\/audesur.ec\/tienda\/wp-json\/wp\/v2\/types\/product"}],"wp:featuredmedia":[{"embeddable":true,"href":"https:\/\/audesur.ec\/tienda\/wp-json\/wp\/v2\/media\/1060"}],"wp:attachment":[{"href":"https:\/\/audesur.ec\/tienda\/wp-json\/wp\/v2\/media?parent=1058"}],"wp:term":[{"taxonomy":"product_cat","embeddable":true,"href":"https:\/\/audesur.ec\/tienda\/wp-json\/wp\/v2\/product_cat?post=1058"},{"taxonomy":"product_tag","embeddable":true,"href":"https:\/\/audesur.ec\/tienda\/wp-json\/wp\/v2\/product_tag?post=1058"}],"curies":[{"name":"wp","href":"https:\/\/api.w.org\/{rel}","templated":true}]}}

<div class="thule-container header-text-button pt-5 bg-color--white">
<div class="row">
<div class="col-lg-8 col-xl-6 offset-lg-2 offset-xl-3">
<p>Esta categoría de portabicicletas es perfecta para los entusiastas del ciclismo que se dirigen a la carretera, senderos MTB o caminos de grava, con una bicicleta para carretera o una bicicleta de montaña de campo traviesa.</p>
<p>Mientras estos estilos requieren que tengas portaequipajes de techo en tu automóvil, los portabicicletas para techo con soporte para horquilla o verticales son una buena opción para sedanes y SUV más pequeños con una altura de carga más baja o para modelos de automóvil que no tienen una barra de remolque instalada. Si eliges un portabicicletas para techo con soporte para horquilla o rueda, te asegurarás de que el portabicicletas no tenga contacto en absoluto con tu valioso cuadro de fibra de carbono.</p>
<p>Los portabicicletas para techo cuentan con un diseño elegante y deportivo, y se adapta a casi todas las dimensiones de bicicletas. Pueden venir con soporte para horquilla, para rueda o para cuadro:</p>
</div>
</div>
<div class="row pb-lg-3"><span style="font-size: 2em;">Portabicicletas de techo montados en horquillas</span></div>
</div>
<div class="thule-container header-text-button pt-5 bg-color--white">
<div class="row">
<div class="col-lg-8 col-xl-6 offset-lg-2 offset-xl-3">
<p>Una solución de portabicicletas deportiva e icónica que se fija a la puntera o al eje pasante de la horquilla cuando desmontas la rueda delantera. Este método de fijación garantiza el transporte seguro y el contacto cero con el cuadro para cuadros de fibra de carbono.</p>
</div>
</div>
</div>

<!-- This site is optimized with the Yoast SEO plugin v20.1 - https://yoast.com/wordpress/plugins/seo/ -->
<title>PORTABICICLETA THULE - Accesorios Nissan &amp; Renault, Quito</title>
<meta name="robots" content="index, follow, max-snippet:-1, max-image-preview:large, max-video-preview:-1" />
<link rel="canonical" href="https://audesur.ec/tienda/producto/portabicicleta-thule/" />
<meta property="og:locale" content="es_ES" />
<meta property="og:type" content="article" />
<meta property="og:title" content="PORTABICICLETA THULE - Accesorios Nissan &amp; Renault, Quito" />
<meta property="og:description" content="Esta categoría de portabicicletas es perfecta para los entusiastas del ciclismo que se dirigen a la carretera, senderos MTB o caminos de grava, con una bicicleta para carretera o una bicicleta de montaña de campo traviesa.  Mientras estos estilos requieren que tengas portaequipajes de techo en tu automóvil, los portabicicletas para techo con soporte para horquilla o verticales son una buena opción para sedanes y SUV más pequeños con una altura de carga más baja o para modelos de automóvil que no tienen una barra de remolque instalada. Si eliges un portabicicletas para techo con soporte para horquilla o rueda, te asegurarás de que el portabicicletas no tenga contacto en absoluto con tu valioso cuadro de fibra de carbono.  Los portabicicletas para techo cuentan con un diseño elegante y deportivo, y se adapta a casi todas las dimensiones de bicicletas. Pueden venir con soporte para horquilla, para rueda o para cuadro:    Portabicicletas de techo montados en horquillas      Una solución de portabicicletas deportiva e icónica que se fija a la puntera o al eje pasante de la horquilla cuando desmontas la rueda delantera. Este método de fijación garantiza el transporte seguro y el contacto cero con el cuadro para cuadros de fibra de carbono." />
<meta property="og:url" content="https://audesur.ec/tienda/producto/portabicicleta-thule/" />
<meta property="og:site_name" content="Accesorios Nissan &amp; Renault, Quito" />
<meta property="article:modified_time" content="2024-10-14T15:12:36+00:00" />
<meta property="og:image" content="https://audesur.ec/tienda/wp-content/uploads/2023/05/tell-004-cb-bike-rack-buyers-guide.jpg" />
	<meta property="og:image:width" content="400" />
	<meta property="og:image:height" content="320" />
	<meta property="og:image:type" content="image/jpeg" />
<meta name="twitter:card" content="summary_large_image" />
<script type="application/ld+json" class="yoast-schema-graph">{"@context":"https://schema.org","@graph":[{"@type":"WebPage","@id":"https://audesur.ec/tienda/producto/portabicicleta-thule/","url":"https://audesur.ec/tienda/producto/portabicicleta-thule/","name":"PORTABICICLETA THULE - Accesorios Nissan &amp; Renault, Quito","isPartOf":{"@id":"https://audesur.ec/tienda/#website"},"datePublished":"2023-05-22T20:48:01+00:00","dateModified":"2024-10-14T15:12:36+00:00","breadcrumb":{"@id":"https://audesur.ec/tienda/producto/portabicicleta-thule/#breadcrumb"},"inLanguage":"es","potentialAction":[{"@type":"ReadAction","target":["https://audesur.ec/tienda/producto/portabicicleta-thule/"]}]},{"@type":"BreadcrumbList","@id":"https://audesur.ec/tienda/producto/portabicicleta-thule/#breadcrumb","itemListElement":[{"@type":"ListItem","position":1,"name":"Portada","item":"https://audesur.ec/tienda/"},{"@type":"ListItem","position":2,"name":"Tienda","item":"https://audesur.ec/tienda/tienda/"},{"@type":"ListItem","position":3,"name":"PORTABICICLETA THULE"}]},{"@type":"WebSite","@id":"https://audesur.ec/tienda/#website","url":"https://audesur.ec/tienda/","name":"Accesorios Nissan &amp; Renault, Quito","description":"Venta de accesorios NISSAN y RENAULT","publisher":{"@id":"https://audesur.ec/tienda/#organization"},"potentialAction":[{"@type":"SearchAction","target":{"@type":"EntryPoint","urlTemplate":"https://audesur.ec/tienda/?s={search_term_string}"},"query-input":"required name=search_term_string"}],"inLanguage":"es"},{"@type":"Organization","@id":"https://audesur.ec/tienda/#organization","name":"Accesorios Nissan &amp; Renault, Quito","url":"https://audesur.ec/tienda/","logo":{"@type":"ImageObject","inLanguage":"es","@id":"https://audesur.ec/tienda/#/schema/logo/image/","url":"https://audesur.ec/tienda/wp-content/uploads/2023/03/cropped-audesur-logo-1-1.png","contentUrl":"https://audesur.ec/tienda/wp-content/uploads/2023/03/cropped-audesur-logo-1-1.png","width":297,"height":70,"caption":"Accesorios Nissan &amp; Renault, Quito"},"image":{"@id":"https://audesur.ec/tienda/#/schema/logo/image/"}}]}</script>
<!-- / Yoast SEO plugin. -->

Esta categoría de portabicicletas es perfecta para los entusiastas del ciclismo que se dirigen a la carretera, senderos MTB o caminos de grava, con una bicicleta para carretera o una bicicleta de montaña de campo traviesa.  Mientras estos estilos requieren que tengas portaequipajes de techo en tu automóvil, los portabicicletas para techo con soporte para horquilla o verticales son una buena opción para sedanes y SUV más pequeños con una altura de carga más baja o para modelos de automóvil que no tienen una barra de remolque instalada. Si eliges un portabicicletas para techo con soporte para horquilla o rueda, te asegurarás de que el portabicicletas no tenga contacto en absoluto con tu valioso cuadro de fibra de carbono.  Los portabicicletas para techo cuentan con un diseño elegante y deportivo, y se adapta a casi todas las dimensiones de bicicletas. Pueden venir con soporte para horquilla, para rueda o para cuadro:    Portabicicletas de techo montados en horquillas      Una solución de portabicicletas deportiva e icónica que se fija a la puntera o al eje pasante de la horquilla cuando desmontas la rueda delantera. Este método de fijación garantiza el transporte seguro y el contacto cero con el cuadro para cuadros de fibra de carbono.
